e remainder when k is divided by 21.
18
Let k be (5 - -7)/((-3)/(-6)). Let x = k + -14. What is the remainder when 38 is divided by x?
8
Let n(j) = -j**2 - 5*j + 8. What is the remainder when 0/4 + (3 - 0) is divided by n(-6)?
1
Let q = -87 + 105. Calculate the remainder when 29 is divided by q.
11
Let a(h) = -10*h - 25. Calculate the remainder when 59 is divided by a(-4).
14
Let v(l) = 8*l**2 + 2*l - 5*l - l**3 - 3*l + 6. Suppose -32 = -3*r - 11. What is the remainder when 24 is divided by v(r)?
11
Suppose 7*d - 2*d = 2*h + 1, -3 = -5*d + h. Let u(j) = 3*j**3 + 0*j**3 + 0*j**2 + 13*j**3 - j**2. What is the remainder when 44 is divided by u(d)?
14
Suppose -5*b + 127 = -118. Let u(s) = -s**2 - 9*s + 7. Let g be u(-10). What is the remainder when b is divided by -1 + (16 - (-1 - g))?
10
Let o = -68 - -95. Let c(v) = -2*v + 45. What is the remainder when o is divided by c(19)?
6
Let f be -3 + (-1)/(1/(-3)). Suppose 1 = -n - 0*n, f = l - n - 21. Calculate the remainder when 39 is divided by l.
19
What is the remainder when (-2)/((-32)/28 - -1) is divided by 8?
6
Suppose -4*g - 4*d = -40, 0*g = -3*g + 3*d. Calculate the remainder when 2/4 - 39/(-6) is divided by g.
2
Suppose -5*b - 10 = 0, b + b = 3*g + 77. Let m be (-6)/g - 114/27. What is the remainder when 2/(3*m/(-150)) is divided by 13?
12
Suppose 26 = -6*d + 86. Calculate the remainder when 18/(2 + -2 + 1) is divided by d.
8
Suppose -5*z + 205 = 4*u, 2*z + 3*z = 3*u + 205. Calculate the remainder when z is divided by 15.
11
Let j = -4 + 9. Suppose -4 = -5*h + 4*l, -h = h + 5*l + j. Let f = 10 + h. What is the remainder when 29 is divided by f?
9
Let d = 11 - -9. Calculate the remainder when d is divided by 8.
4
Suppose u + 5*t + 10 = 0, 3*t - 4 = 3*u - 28. Calculate the remainder when u is divided by 5.
0
Let r(o) = o**3 - o**2 - 2*o - 1. Let n(g) = g**2 + g - 1. Let b(j) = n(j) - r(j). Calculate the remainder when b(-3) is divided by 13.
10
Let r be (2/4)/(6/(-504)). Let l be (-96)/r + (-2)/7. Calculate the remainder when l/9 + 1115/45 is divided by 14.
11
Let d(l) = l**3 + 4*l**2 - 4*l + 9. Let z be d(-5). Suppose -i - z*i + 90 = 0. What is the remainder when 70 is divided by i?
16
Let i(o) = -o - 9. Let z be (3/2)/(5/(-30)). Let q be i(z). Suppose s + 3*k = 12, k = -q*k + 2. What is the remainder when s is divided by 4?
2
Let u(n) be the second derivative of n**3/6 + 9*n**2/2 + 2*n. Let g be u(-4). Suppose 17 + 18 = g*d. What is the remainder when 12 is divided by d?
5
Let j(o) = -o**3 - 7*o**2 - 5*o. What is the remainder when j(-7) is divided by 9?
8
Let p = -5 + 11. Let w = p - -5. Calculate the remainder when 19 is divided by w.
8
Suppose 0 = 3*x - 3*r - 66, 4*r - 3*r = -x + 12. Let j = 38 - 10. Let l = j - x. What is the remainder when 31 is divided by l?
9
Let q(v) be the second derivative of -v**5/20 + v**4/4 + v**3/6 + 2*v**2 - 4*v. Calculate the remainder when q(3) is divided by 4.
3
Let z = 14 - 1. Calculate the remainder when 64 is divided by z.
12
Let r = 1 - -2. Calculate the remainder when -4 - (-4 + 1) - -4 is divided by r/2 - (-1)/2.
1
Let a = 10 - 6. Let z(n) = 9*n - 4. Let j be z(a). Suppose 0 = 3*r + r - j. What is the remainder when 14 is divided by r?
6
Let x(c) = 5*c**2 - 11*c - 21. Let y(d) = -4*d + 2. Calculate the remainder when x(-4) is divided by y(-6).
25
Suppose 3*x = 6*x - 207. Calculate the remainder when x is divided by 14.
13
Let c = -14 - -20. Suppose 36 = 5*k - 44. What is the remainder when k is divided by c?
4
Let r(d) be the second derivative of -5*d**3/6 - d**2 - d. What is the remainder when r(-6) is divided by 2/(40/(-25))*-12?
13
Let p(i) = -3*i + 43. What is the remainder when 84 is divided by p(7)?
18
Suppose -2*s + 45 - 9 = 0. What is the remainder when 50 is divided by s?
14
Let z be 249/(-12) + 2/(-8). Let t = -14 - z. Calculate the remainder when 27 is divided by t.
6
Let b(w) = w**3 + 7*w**2 + 7. Let z be b(-7). Suppose 3*l + z - 19 = 0. What is the remainder when l is divided by 2?
0
Let q(v) = -v**3 + 5*v**2 + 0*v**2 - v**2 + 0*v**2 + 4. Let j be q(4). What is the remainder when (1 - j) + 27 + -1 is divided by 12?
11
Let s(o) = -o + 2. Let p be s(2). Suppose p*l + 2*l = 3*g - 24, 3*l + 21 = 2*g. Suppose 28 = 5*d - 27. Calculate the remainder when d is divided by g.
5
Let n = 26 - 15. Suppose -20 = -u + 3*t, u + n + 1 = -5*t. What is the remainder when 21 is divided by u?
5
Let x = 34 - 16. Calculate the remainder when x is divided by 7.
4
Suppose w - 51 = -28. Calculate the remainder when w is divided by 7.
2
Let p = 2 - -3. Suppose 0 = f + 4, -4*f = -p*c + 44 + 47. Calculate the remainder when c is divided by 8.
7
Let q = 21 + -5. Let z = -26 + -2. Let k = z + 74. Calculate the remainder when k is divided by q.
14
Let v(d) = 12*d**2 - d**3 + 2 + d**3 - d**3. Calculate the remainder when 5 is divided by v(12).
1
Suppose 209 + 11 = 4*g. Suppose -4*l = -3*l - 79. Let t = l - g. Calculate the remainder when t is divided by 13.
11
Let s(o) = 4*o**2 - o + 1. Let h = -16 + 75. What is the remainder when h is divided by s(2)?
14
Let w(q) = 2*q**2 - 1. Calculate the remainder when ((-2)/(-3))/(2/96) is divided by w(3).
15
Suppose 4*y = -2*a + 12, a - 19 + 1 = 4*y. Calculate the remainder when 38 is divided by a.
8
Suppose -7*o + 240 = -2*o. Suppose -o = 4*k - k. What is the remainder when 41 is divided by (-14)/(-8)*k/(-2)?
13
Let k(l) = -l**3 + 4*l**2 + l - 3. Let c be k(4). Suppose g - 57 = -c. Suppose 10*s = 9*s + 19. What is the remainder when g is divided by s?
18
Let n = -3 + 3. Suppose -4*t - 3*j + 135 = -n*t, 0 = t + j - 33. Let d = -3 + t. Calculate the remainder when d is divided by 9.
6
Let m = -144 - -435. Suppose 2*b = -d + 94, m - 66 = 5*b + 5*d. Calculate the remainder when b is divided by 17.
15
Let n = -104 + 127. What is the remainder when 45 is divided by n?
22
Let z(d) be the first derivative of d**4/4 - 5*d**3 + 8*d**2 - 9*d + 5. What is the remainder when 55 is divided by z(14)?
17
Let n(o) = -10*o + 2. Let j(r) = -r**3 + 4*r**2 - 4. Let y be j(3). Let s = -8 + y. What is the remainder when n(s) is divided by 11?
10
Let i(m) = m**2 - 1. Let l = 107 + -103. What is the remainder when l is divided by i(-2)?
1
Let j(k) = -4 + 5*k - 2 - 6*k. Suppose -3*f + f = -4. Calculate the remainder when f is divided by j(-7).
0
Suppose -3*v + 6*v - 600 = 0. Suppose 0*i - v = -3*i + 2*x, 3*x = 2*i - 130. What is the remainder when i is divided by 14?
12
Let n = 0 - -3. Suppose 0 = -2*q + n*q - 9. Let k = q + -6. What is the remainder when 5 is divided by k?
2
Let p(k) = 2*k + 11. What is the remainder when 39 is divided by p(5)?
18
Let b(l) = l**2 - 7*l. Let o = -16 - -6. Let p = o + 24. Calculate the remainder when p is divided by b(8).
6
Let x = -227 - -260. Suppose -7 = 5*i - 42. What is the remainder when x is divided by i?
5
Let g(w) = 6*w - 10. Calculate the remainder when 28 is divided by g(3).
4
Suppose -3*l - 38 = -5*l. Calculate the remainder when l is divided by 10.
9
Let p(q) = q**2 + 9*q + 10. What is the remainder when 29 is divided by p(-10)?
9
Let p = 11 + -12. Calculate the remainder when 98 is divided by ((-4)/(-8))/(p/(-50)).
23
Let y = 5 + -3. Calculate the remainder when (-1)/2 + 55/y is divided by 10.
7
Suppose 4*m - 3*m - 5*t = 111, 4*t = -2*m + 166. Calculate the remainder when m is divided by 31.
29
Let j(k) = 7*k + 21. Calculate the remainder when j(10) is divided by 31.
29
Suppose -5*c = -i - 15, 2*c - 7 + 1 = 0. Suppose i = 2*j - 9 - 11. Let d = -7 + j. What is the remainder when d is divided by 3?
0
Let z = 45 + 7. Calculate the remainder when z is divided by 27.
25
Let f(c) = -2*c + c - 2 - 3. Let q be f(-8). Suppose q*s - 18 = -0*s. What is the remainder when s is divided by 4?
2
Let t(m) = m**2 - 7*m - 3. Let d be t(6). Calculate the remainder when 19 is divided by -25*(d/(-15) + -1).
9
Let o(v) = -12*v. Let u be o(-1). Suppose -2*p - 3*p = 2*g + u, -p = 4. Calculate the remainder when g is divided by 3.
1
Suppose 0 = -2*t - 2*t. Suppose 2*o - 2*j - 59 - 25 = t, -5*o - 2*j + 217 = 0. Suppose -d - 2*d + 45 = 0. Calculate the remainder when o is divided by d.
13
Let k(t) = t + 5. Let d be k(-4). Let l = 6 - 2. Calculate the remainder when 15 - ((d - 1) + 2) is divided by l.
1
Suppose 5*s = -39 - 16. Let w(u